8) to base 12
6090931
Convert 2541034 (base 7) to base 15.
6788a
111101101100101100 (base 2) to base 7
2101532
What is -14d7d (base 16) in base 8?
-246575
What is -2110101201211 (base 3) in base 11?
-812994
What is -1053413 (base 8) in base 16?
-4570b
-11a385a (base 11) to base 13
-57c785
Convert 205a7 (base 16) to base 6.
2501303
Convert 274769 (base 16) to base 8.
11643551
What is -11202220011 (base 3) in base 16?
-16f0c
6605a (base 12) to base 6
2520154
What is 120122001111 (base 3) in base 12?
12a07a
What is 621063 (base 12) in base 11?
95a247
What is -92006 (base 10) in base 8?
-263546
Convert c3223 (base 16) to base 3.
1111121101111
35210003 (base 6) to base 9
2041103
1484481 (base 10) to base 4
11222123001
Convert -334948 (base 12) to base 7.
-6641555
12275646 (base 8) to base 13
742575
What is 1400203130 (base 5) in base 2?
1101011011111011110010
-225c5 (base 16) to base 2
-100010010111000101
Convert -323722 (base 10) to base 15.
-65db7
422234 (base 8) to base 12
69338
Convert -310176 (base 8) to base 9.
-165567
-65788 (base 14) to base 9
-414038
47601 (base 12) to base 6
2020001
What is 2210414034 (base 5) in base 11?
2774810
-2020012202211 (base 3) to base 5
-300411222
-1292d6 (base 14) to base 12
-26a3b8
27563 (base 14) to base 11
66a5a
What is 262165 (base 7) in base 2?
1011111010100010
What is 1401032 (base 8) in base 10?
393754
-1600820 (base 11) to base 7
-32165002
What is -130031121 (base 4) in base 7?
-660603
What is 19d946 (base 14) in base 5?
213433231
Convert 100110111001010100011 (base 2) to base 12.
5156ab
What is 14422102 (base 5) in base 7?
1212611
What is -2933c7 (base 13) in base 9?
-1804173
-10101011011010001011 (base 2) to base 5
-134431331
What is -27527 (base 13) in base 2?
-10001111010100011
-262615 (base 7) to base 12
-24444
What is -1046140 (base 7) in base 2?
-11111100101101100
What is -22103322223 (base 4) in base 16?
-293eab
423c6 (base 13) to base 15
2553c
Convert 452306 (base 7) to base 10.
80072
Convert 63622312 (base 7) to base 2.
10100100110100001110011
Convert -30532550 (base 6) to base 8.
-3275022
-10101101000000101111101 (base 2) to base 12
-1a94991
-110011231 (base 6) to base 11
-111a499
22111100011000 (base 3) to base 13
c20868
What is 193f86 (base 16) in base 6?
55244250
What is -12415523 (base 6) in base 9?
-680166
What is 101591 (base 11) in base 9?
267637
Convert -3026421 (base 8) to base 14.
-16ab3b
What is -526311 (base 7) in base 3?
-11121220020
Convert 101020010212 (base 3) to base 16.
3125c
What is -300133212 (base 4) in base 6?
-4131330
10011210222 (base 3) to base 5
4000213
-110220022020122 (base 3) to base 16
-689c0f
-20114311 (base 5) to base 12
-78b19
Convert -41651 (base 12) to base 2.
-10100111001011101
What is -6a3ba (base 13) in base 3?
-100212010001
Convert d37619 (base 14) to base 6.
412433023
What is 3114022 (base 6) in base 13?
53312
Convert -140332204 (base 5) to base 6.
-23152411
Convert 53114 (base 13) to base 5.
14241312
Convert 77756 (base 10) to base 9.
127585
Convert -2011003133 (base 4) to base 14.
-10287d
-306406 (base 8) to base 7
-602215
Convert 4552114 (base 6) to base 15.
48d27
-1324263 (base 7) to base 9
-285183
What is -203a410 (base 11) in base 3?
-20202221102211
Convert 55217a (base 14) to base 3.
12102200012122
What is 74205 (base 10) in base 11?
5082a
What is -1010000101010101 (base 2) in base 14?
-110a1
10001222120111 (base 3) to base 13
4525c6
107126 (base 8) to base 12
19106
What is -ba323 (base 12) in base 9?
-414200
-191343 (base 12) to base 2
-1101010110110100011
What is -116a3 (base 12) in base 9?
-35146
1010221120221 (base 3) to base 5
123443040
180824 (base 13) to base 14
119123
What is -61999 (base 12) in base 6?
-2422313
What is 4141001 (base 5) in base 2?
10000101010011011
What is 312413 (base 6) in base 14?
9289
Convert -8175105 (base 9) to base 8.
-20504053
What is 1342015 (base 8) in base 4?
1130100031
444010210 (base 5) to base 11
1104202
Convert -100111111011010010101 (base 2) to base 10.
-1308309
Convert -3499733 (base 12) to base 14.
-14c54c7
ef41 (base 16) to base 2
1110111101000001
Convert -10110100000110000001 (base 2) to base 15.
-e887a
-335311121 (base 6) to base 11
-3511762
What is 1c822 (base 14) in base 6?
1321410
Convert 22020024 (base 5) to base 16.
2e15c
-9d3c36 (base 14) to base 16
-51a438
4087977 (base 11) to base 14
d5ad5c
What is -1f1020 (base 16) in base 7?
-23206054
64cb (base 16) to base 13
b98b
Convert -d340 (base 14) to base 7.
-210610
What is 22350181 (base 9) in base 10?
10838926
What is 131203100 (base 4) in base 11?
82a37
Convert 1644631 (base 7) to base 15.
4813d
Convert -320111033 (base 4) to base 8.
-702517
Convert 2785b (base 15) to base 2.
11110111100101001
What is -1140112 (base 6) in base 15?
-12a25
Convert -266072 (base 11) to base 12.
-181aa5
111010223031 (base 4) to base 14
a3b27b
Convert -441b5 (base 13) to base 7.
-1022422
What is 506644 (base 8) in base 3?
22111112111
1070726 (base 8) to base 15
5b491
-15324316 (base 8) to base 9
-6548807
98d17 (base 15) to base 2
1110110100011000100
What is -89b04 (base 12) in base 14?
-4a9b6
Convert -31a91a (base 13) to base 10.
-1165954
Convert -1044224 (base 7) to base 11.
-887a8
What is -22c883 (base 15) in base 9?
-3113366
Convert -21516134 (base 7) to base 14.
-36358b
3164048 (base 10) to base 9
5852228
Convert -9723 (base 12) to base 4.
-10003023
Convert -244102420 (base 5) to base 7.
-12600103
Convert -10133131 (base 5) to base 12.
-40419
-2031487 (base 9) to base 12
-443181
209942 (base 13) to base 3
1102210220212
-452983b (base 12) to base 3
-220220222112102
What is -5848386 (base 9) in base 2?
-1100000011111110001010
What is 212023442 (base 5) in base 3?
1200100002211
Convert -32113312223 (base 4) to base 14.
-701111
Convert -87959 (base 10) to base 3.
-11110122202
Convert -243274 (base 11) to base 5.
-44304412
What is 203031103 (base 4) in base 6?
3031351
Convert -705b5 (base 12) to base 10.
-146009
Convert -104050 (base 9) to base 4.
-33020322
What is -33444133 (base 5) in base 15?
-5ce13
Convert -43655 (base 13) to base 11.
-83666
Convert 671660 (base 8) to base 9.
374280
Convert 660162 (base 16) to base 15.
8c0b36
What is 2202111021 (base 3) in base 15?
11154
Convert 13310 (base 11) to base 15.
5973
Convert 62722 (base 10) to base 12.
3036a
Convert -5d31e (base 15) to base 2.
-1001000101011101000
Convert 40769d (base 14) to base 6.
114314415
-5868a3 (base 15) to base 13
-b4b871
Convert -6f099 (base 16) to base 12.
-19b249
84191 (base 16) to base 4
2010012101
Convert 20208018 (base 9) to base 10.
9689885
Convert -86482 (base 11) to base 12.
-608a0
What is -617314 (base 8) in base 3?
-101101111210
What is -3133233021 (base 4) in base 9?
-1646080
Convert -1677221 (base 8) to base 15.
-9a7d8
403616 (base 7) to base 14
1adb6
What is -1e0a7 (base 15) in base 11?
-67720
What is -5155304 (base 6) in base 9?
-418164
2388b03 (base 12) to base 11
3992992
Convert 6141667 (base 8) to base 2.
110001100001110110111
Convert -4602179 (base 10) to base 11.
-266375a
What is 22314354 (base 6) in base 4?
2211232132
101440310 (base 5) to base 16
66dd2
Convert 120002001021 (base 3) to base 16.
48721
What is -2f8c9c (base 16) in base 14?
-5b18cc
What is -2787be (base 15) in base 13?
-517895
What is -675aa5 (base 11) in base 8?
-4067045
What is 233427 (base 13) in base 7?
10050030
2136640 (base 8) to base 6
20140000
1ca7b (base 14) to base 2
10001111011000101
-43631 (base 10) to base 4
-22221233
Convert 302033331 (base 4) to base 10.
205821
Convert -135324035 (base 7) to base 12.
-2b83088
Convert -344577 (base 9) to base 10.
-206782
3212443234 (base 5) to base 3
110201201110000
Convert -269839 (base 13) to base 7.
-10643212
-23c49 (base 14) to base 15
-1adc1
-31281 (base 16) to base 11
-128301
4472726 (base 8) to base 12
4a415a
Convert 34620543 (base 7) to base 2.
1011100111111011101001
-23012410 (base 5) to base 4
-301311021
32973 (base 14) to base 10
122601
Convert 1632110 (base 7) to base 5.
24221221
-1021202000112 (base 3) to base 8
-2467450
What is 9b18b (base 16) in base 6?
21341031
Convert -d9eb1 (base 15) to base 2.
-10101000111001101000
Convert 7562764 (base 8) to base 6.
111222432
What is -11011110110101011001 (base 2) in base 15?
-130689
What is 1570746 (base 10)